f 252 and 280098?
126
What is the greatest common divisor of 5206 and 84118?
274
What is the highest common factor of 352662 and 106?
106
Calculate the greatest common factor of 4708 and 76612.
428
Calculate the greatest common divisor of 70 and 400.
10
What is the highest common divisor of 239468 and 8908?
524
What is the greatest common factor of 112528 and 78?
26
Calculate the highest common divisor of 4083275 and 14.
7
Calculate the highest common factor of 48 and 14577.
3
Calculate the greatest common divisor of 2838 and 1110432.
258
Calculate the greatest common factor of 166 and 102671.
83
Calculate the greatest common divisor of 55464 and 48.
24
Calculate the highest common divisor of 40300 and 3627.
403
What is the highest common factor of 327981 and 708?
177
What is the greatest common divisor of 287 and 26719?
7
What is the greatest common factor of 37071 and 81?
27
What is the greatest common divisor of 27 and 34497?
9
What is the greatest common divisor of 96568 and 32?
8
What is the greatest common divisor of 5335856 and 32?
16
What is the highest common factor of 22967 and 559314?
1351
Calculate the highest common divisor of 253658 and 424.
106
What is the highest common divisor of 864 and 7533?
27
What is the highest common factor of 36 and 24792?
12
What is the greatest common divisor of 5671160 and 1760?
440
Calculate the greatest common factor of 14715 and 3161.
109
What is the highest common divisor of 39 and 2532075?
39
Calculate the greatest common factor of 529 and 7958.
23
Calculate the greatest common divisor of 3790 and 450.
10
What is the highest common divisor of 230580 and 60?
60
What is the highest common factor of 15004 and 992?
124
Calculate the greatest common divisor of 5972229 and 9.
9
Calculate the greatest common divisor of 2246 and 1214.
2
What is the highest common divisor of 2145121 and 955?
191
Calculate the greatest common factor of 269 and 1847761.
269
Calculate the greatest common factor of 396891 and 627.
627
Calculate the highest common divisor of 164 and 470803.
41
What is the greatest common divisor of 400800 and 1344?
96
Calculate the greatest common divisor of 98875 and 33222.
791
Calculate the highest common divisor of 6859 and 76.
19
What is the highest common divisor of 220073 and 211?
211
What is the highest common divisor of 6596 and 51992?
388
Calculate the greatest common factor of 504 and 108504.
72
What is the highest common factor of 3360 and 284865?
105
Calculate the highest common divisor of 7618 and 3666.
26
What is the highest common factor of 344 and 1204?
172
Calculate the highest common factor of 1716 and 3666.
78
What is the greatest common factor of 262777 and 47?
47
What is the greatest common factor of 3190 and 143695?
145
Calculate the highest common factor of 350 and 57659.
7
Calculate the highest common divisor of 5862 and 4386730.
1954
Calculate the highest common divisor of 532 and 4984.
28
What is the greatest common divisor of 1 and 100069?
1
Calculate the highest common factor of 30 and 37270.
10
What is the greatest common divisor of 302 and 1476478?
302
What is the highest common divisor of 558078 and 24?
6
What is the highest common divisor of 4024350 and 4050?
1350
What is the greatest common factor of 60977 and 3689?
217
What is the greatest common factor of 1228717 and 12593?
1799
What is the highest common factor of 363 and 17391?
33
Calculate the greatest common divisor of 170937 and 65.
13
Calculate the greatest common divisor of 156 and 812556.
12
What is the greatest common factor of 46095 and 24780?
105
Calculate the greatest common divisor of 80 and 416208.
16
Calculate the greatest common factor of 755000 and 24.
8
What is the greatest common factor of 1498 and 143594?
214
Calculate the greatest common divisor of 9445 and 25.
5
What is the greatest common divisor of 488581 and 5909?
311
Calculate the highest common divisor of 16682 and 1330.
38
What is the highest common divisor of 14 and 51436?
14
What is the greatest common divisor of 187403 and 386?
193
What is the highest common divisor of 20 and 332480?
20
Calculate the greatest common divisor of 218 and 13189.
109
Calculate the highest common factor of 282 and 88078.
94
What is the greatest common factor of 1118 and 37622?
26
What is the greatest common divisor of 429 and 12597?
39
What is the greatest common divisor of 4 and 4228?
4
Calculate the greatest common factor of 11 and 718729.
11
What is the greatest common factor of 585 and 160485?
195
Calculate the highest common factor of 26 and 1631786.
26
What is the greatest common factor of 6589 and 649?
11
Calculate the greatest common factor of 99 and 2333826.
99
What is the highest common divisor of 2442 and 983238?
222
Calculate the highest common divisor of 4383899 and 13.
13
What is the greatest common factor of 531026 and 2?
2
What is the highest common factor of 2758 and 28762?
394
What is the highest common divisor of 44478 and 56?
14
What is the highest common divisor of 205 and 361497?
41
What is the greatest common factor of 2280 and 492005?
95
Calculate the greatest common divisor of 530 and 281165.
265
Calculate the highest common divisor of 4810 and 625781.
481
Calculate the highest common divisor of 6952 and 704.
88
What is the highest common factor of 2200 and 28760?
40
What is the highest common factor of 15142 and 3417?
67
Calculate the highest common divisor of 357 and 3255.
21
What is the highest common factor of 560763 and 4536?
567
What is the greatest common factor of 9731 and 5069?
37
What is the highest common divisor of 20168 and 120?
8
Calculate the greatest common divisor of 35354 and 154.
22
What is the greatest common divisor of 1333609 and 529?
529
What is the greatest common factor of 284 and 47428?
284
Calculate the greatest common divisor of 1238 and 1831621.
619
What is the greatest common divisor of 1711 and 899?
29
Calculate the highest common divisor of 304 and 45106.
38
Calculate the greatest common factor of 504 and 1449.
63
What is the greatest common factor of 1818435 and 15?
15
Calculate the highest common divisor of 342 and 78147.
171
Calculate the greatest common factor of 22876 and 1890.
14
Calculate the highest common divisor of 252 and 13383.
9
What is the greatest common factor of 1037392 and 1104?
368
What is the highest common factor of 94768 and 1808?
16
What is the greatest common factor of 330 and 134750?
110
Calculate the highest common divisor of 726 and 22264.
242
What is the greatest common factor of 4560502 and 453?
151
Calculate the greatest common divisor of 36 and 123132.
12
What is the highest common divisor of 461536 and 416?
32
What is the highest common factor of 144 and 236394?
18
What is the highest common factor of 650148 and 408?
204
What is the highest common factor of 4324 and 9964?
188
What is the greatest common factor of 192077 and 241?
241
Calculate the greatest common factor of 11492 and 9802.
338
What is the highest common divisor of 166332 and 21248?
332
What is the highest common factor of 1160 and 210?
10
What is the highest common factor of 210 and 19782?
42
Calculate the greatest common factor of 152 and 56.
8
Calculate the greatest common divisor of 2735780 and 1110.
370
What is the greatest common factor of 1554 and 3696?
42
What is the highest common factor of 367538 and 381?
127
What is the highest common factor of 23 and 174938?
23
Calculate the greatest common factor of 6762 and 303702.
294
What is the highest common factor of 30 and 955074?
6
What is the highest common factor of 105049 and 301?
301
What is the greatest common factor of 499135 and 91?
91
Calculate the highest common divisor of 12175447 and 29.
29
What is the greatest common divisor of 18512 and 227552?
208
Calculate the greatest common divisor of 292268 and 744.
124
What is the highest common factor of 16528 and 8?
8
Calculate the highest common factor of 11 and 2647.
1
What is the highest common factor of 4 and 34944?
4
What is the greatest common divisor of 103894 and 123?
41
What is the greatest common divisor of 4864 and 3776?
64
Calculate the highest common factor of 70 and 3210.
10
What is the highest common factor of 19019 and 65?
13
Calculate the greatest common factor of 25331